ose 40 = 4*t - 4*w, -2*w + 48 = o*t - 5*w. What is the units digit of t?
9
What is the tens digit of 12/12*(1 - -60)?
6
Let t = 85 + 40. What is the tens digit of t?
2
What is the units digit of 20/(24/9 + -2)?
0
Suppose 16 = 2*s - 10. What is the tens digit of s?
1
Let j be -1 - (6 + 3)/3. What is the units digit of (-18)/j - 2/4?
4
Let v(j) = j**3 + 16*j**2 - j - 6. What is the units digit of v(-16)?
0
Let q = 1 + 6. Let g(i) = i**2 - 11*i + 7. Let n be g(q). Let l = 37 + n. What is the units digit of l?
6
Let g(v) = -6*v + 2. Let l be g(-2). Suppose -4*u + l - 2 = 0. Suppose u*f = 8*f - 30. What is the units digit of f?
6
Let l(n) = 16*n**3 + n**2 + n - 2. What is the units digit of l(1)?
6
Suppose 0*j = -3*j - 9. Let k(q) = -62*q - 2. Let y be k(-2). What is the tens digit of y/10 + j/15?
1
Suppose -7 = -2*f - 1. Suppose f*t = -t + 188. What is the units digit of t?
7
Let s = -29 + 23. Let r = s + 60. What is the tens digit of r?
5
Let g = 1 - 0. Let s(v) = -4*v + 3. Let t(m) = m - 1. Let u(l) = -s(l) - 3*t(l). What is the units digit of u(g)?
1
Let x be (3/2 + 0)*4. Suppose m = -m + x. Let j = m - -9. What is the units digit of j?
2
Let l = 14 - -47. Let i = l + -24. What is the tens digit of i?
3
Let d be ((-8)/(-6))/((-3)/(-9)). What is the tens digit of (-134)/(-5) + d/20?
2
What is the tens digit of 29*((3 - 2) + 2)?
8
Suppose 10*o = o + 333. What is the units digit of o?
7
Let c(j) = -j**3 - 9*j**2 + 10*j - 7. Let l be c(-10). Let x(y) = -y**3 - 8*y**2 - 8*y. What is the units digit of x(l)?
7
Let y = 9 + -5. What is the units digit of y?
4
Let v be -37 - 3 - 4/2. What is the tens digit of v/(-2) + -2 + 3?
2
Suppose 0*n = -4*c + n - 102, -4*n = 3*c + 86. Let w be c/(-8) - (-1)/(-4). Let q(m) = m. What is the units digit of q(w)?
3
Let b be (-1)/((-3)/12) + 0. What is the tens digit of (-525)/(-28) - (-1)/b?
1
Let n be (-1)/(-4) + (-2)/8. Let g = n - -3. What is the units digit of g?
3
Suppose -2*n + 6*n = 240. What is the tens digit of n?
6
Let o(y) = -2 - 2*y - 4*y + 5*y. What is the units digit of o(-3)?
1
Suppose -13*x + 5315 = 1610. What is the units digit of x?
5
Let i be 4/16*4*5. Suppose i*u - 7 = 4*g - 30, 1 = -4*g - 3*u. What is the units digit of g?
2
Suppose 2*j - 5*f - 19 = -5, -f + 26 = 2*j. What is the units digit of j?
2
Suppose 0 = v - 4 - 0. Suppose -26 = 5*a - 1, -2*a - 22 = -v*q. Suppose q - 12 = -3*g. What is the units digit of g?
3
Let o be (-1 + 2 + 1)*1. Suppose -3*v + 9 = -6, -4*f = -o*v - 10. What is the units digit of f?
5
Suppose -9 = 5*m - 3*l - 37, 2*l = -4*m + 18. Suppose 0 = -2*p + m*u + 4 + 7, 0 = -3*p + 5*u + 14. Suppose 7*n - 4 = p*n. What is the units digit of n?
1
Let g be (-15)/(-2) - (-3)/(-6). What is the tens digit of g/(42/68)*3?
3
Let z(n) = n**2 - 2*n + 2. Let m be z(3). Suppose 2*a + 4*v = m*v + 3, 3*a - v - 4 = 0. Suppose -c + a = -0. What is the units digit of c?
1
Let p be -1 + 51*(0 + 2). Suppose -2*c - p = -3*z - 34, -3*z + 71 = -c. What is the units digit of z?
5
Suppose 0 = 4*p + 4*l - 98 - 46, 5*l = 5*p - 230. What is the units digit of p?
1
Let b = 6 + -7. What is the tens digit of -2 + (b - -33) - -2?
3
Let s(t) = 2*t**3 - 18*t**2 - 7*t - 19. Let v(m) = 5*m**3 - 53*m**2 - 20*m - 56. Let z(p) = -8*s(p) + 3*v(p). What is the tens digit of z(-15)?
4
Suppose 5*j + 6 = 3*j. What is the tens digit of (-4)/(-6) + (-46)/j?
1
Let p(q) = q**2 + 2*q - 7. Let w be p(0). Let m = w + 9. What is the units digit of m?
2
Suppose 0 = -d - 2*u + 1, -3*d + 0*d + 23 = -4*u. Let m be 159/5 + 1/d. Let s = m - 21. What is the units digit of s?
1
Suppose -2*n - 3*y + 3 = 0, -2*n - 5*y = n - 3. Let x = -7 - n. Let t = 0 - x. What is the units digit of t?
3
Suppose -5*d - 3*h + 335 = -0*h, -4*h + 190 = 3*d. What is the units digit of d?
0
Let x = -81 - -140. What is the units digit of x?
9
Let k(q) = -q + 12. Suppose -2*x - x = 0. What is the tens digit of k(x)?
1
Let t be 6/3*15/2. Let h = -87 + 122. Suppose 3*d + t = 4*p - 10, -h = -2*p - 3*d. What is the tens digit of p?
1
Suppose 0 = 4*w - 0*x - x - 95, w + 2*x - 17 = 0. Let p = -16 + w. What is the units digit of p?
7
Let j be (1 - (3 + -6)) + 0. Suppose 0 = -a - j + 9. What is the units digit of a?
5
Suppose -g + 2*x = -0*g - 9, 5*g - 3 = -4*x. Suppose 0 = 7*v - g*v - 16. Suppose 0 = -v*f + 96 - 24. What is the tens digit of f?
1
What is the units digit of 1/((-4)/(-12))*(-10)/(-3)?
0
Let l = -26 - -15. Let s = l - -21. Let w = s + -7. What is the units digit of w?
3
Suppose -5*x = 102 + 48. What is the units digit of x/(-6) - 1*-2?
7
Let m(h) = 2*h**3 - h. Let b be m(-1). What is the units digit of 1/2*(b - -7)?
3
Suppose 0*b + 137 = 3*u + b, 0 = -3*u - 5*b + 133. What is the units digit of u?
6
Let d = 7 + -3. Suppose 2*j + 5*v - 79 = -0*v, -j = -d*v - 20. What is the units digit of j?
2
Let h(d) = d**3 + 6*d**2 + 3*d. What is the tens digit of h(-3)?
1
Let f(n) = -4*n**3 + n - 1. Let t be f(1). What is the tens digit of (-110)/t - 8/(-16)?
2
Let b(i) = -5*i + 1. Let m be b(-1). Let p(g) = -g**3 + 7*g**2 - 5*g - 4. Let o be p(m). Suppose -v + o*v - 8 = 0. What is the units digit of v?
8
Let r(c) = -c + 1. Let y be r(-1). Let f(l) = 0 - 8*l + 6 + 2 + l**y. What is the units digit of f(8)?
8
Suppose 142 = w - 0*w. What is the tens digit of w?
4
Suppose -104 = 7*y - 832. What is the hundreds digit of y?
1
Suppose 3*f + 4 = -2*p, 0 - 4 = -3*p - 2*f. Suppose 0 = k, -4*k + 60 = -2*a + p*a. What is the tens digit of a?
3
Suppose t = 2*t - 3. Let l be (3/2)/(-1)*-6. Suppose -t*d + 0 = -l. What is the units digit of d?
3
Let p = 9 - 6. Suppose -3*q + q = p*u - 56, 0 = 3*u - 3*q - 66. What is the tens digit of u?
2
Let l(p) = 31*p + 2. What is the units digit of l(2)?
4
Let v = 516 - 359. Suppose -4*l + 35 = -v. What is the tens digit of l?
4
Suppose 1 + 15 = -4*i. Let t = 80 + -114. What is the units digit of t/i - 3/2?
7
Suppose -g + 25 = -2*o, 2*o - 4*o - g = 27. Let n = o - -21. What is the units digit of n?
8
Let s(z) = -z + 1. Let i(b) = -b + 8. Let f(t) = -i(t) + 2*s(t). Let k = 4 + -11. What is the units digit of f(k)?
1
Suppose 20 = 5*o, 4*x + 5*o - 12 = 8. Suppose x = n - 2*n + 8. What is the units digit of n?
8
Let q(j) = 2*j**2 - 3*j - 4. Let s(l) = l**3 + 4*l**2 + 3*l + 3. Suppose 4 - 1 = -c. Let h be s(c). What is the units digit of q(h)?
5
Let x(w) be the third derivative of w**6/120 + w**5/15 + w**4/6 + 2*w**3/3 + 3*w**2. What is the units digit of x(-3)?
1
Let g = 8 - 13. Let w(q) = q**3 + 4*q**2 - 3*q - 2. Let m be w(g). What is the tens digit of 41/4 + 3/m?
1
Suppose -8*g + 1274 = -g. What is the units digit of g?
2
Let r = 224 - 99. What is the tens digit of r?
2
Suppose -4*j + 2*z + 22 = -8, -3*j - 5*z = -55. Let w = -4 - -4. Let c = j - w. What is the tens digit of c?
1
Let m(p) = -5*p**3 + 5*p**2 + 7*p. What is the units digit of m(-3)?
9
Let i(d) be the first derivative of -d**4/4 + d**3 + 2*d**2 - 3*d - 3. Let s be (4/(-2))/(-4)*6. What is the units digit of i(s)?
9
Let q = 15 - 11. Suppose -152 = -q*g - i + 3*i, 5*g = i + 190. What is the units digit of g?
8
Let g(y) = y**2 + 2*y - 3. Let w be g(-3). Suppose -x + w*x + 22 = 0. What is the units digit of x?
2
Suppose u = -3*u + 80. What is the units digit of u?
0
What is the tens digit of 5/30 - 455/(-6)?
7
Let j(h) = 2*h**2 + h - 1. Let f be j(-2). Suppose -3*q + 57 = 4*i, -3*i - f = q - 29. Let g = 3 + q. What is the units digit of g?
8
Suppose 3*l - 7 - 5 = 0. Let f = l + -1. Suppose 0 = 4*g - 4*s - 68, 0 = -2*g + f*s + 3 + 34. What is the units digit of g?
4
Let s(q) = 2*q**2 - 6*q + 2*q**2 - 3*q**2. Suppose i + i = 14. What is the units digit of s(i)?
7
Let v(o) = -3*o**3 - 6*o**2 + 7*o + 5. Let w(y) = -2*y**3 - 5*y**2 + 6*y + 4. Let b(s) = -3*v(s) + 4*w(s). What is the units digit of b(3)?
9
Let p(g) = -13*g**2 + 1. Let x be p(-1). Let u = -5 - x. Suppose 3*s - 2*d - u = 2*s, -3*d + 9 = 0. What is the tens digit of s?
1
Suppose 0*s - 679 = -7*s. What is the units digit of s?
7
What is the tens digit of 162/4*(12 + -10)?
8
Let b(a) = a + 1. Let t be b(-1). Suppose t = 2*s - 29 + 1. What is the tens digit of s?
1
Let g(n) = -3*n**2 + 7*n + 2. Let j(k) = -2*k**2 + 6*k + 2. Let h(r) = -4*g(r) + 5*j(r). What is the units digit of h(-2)?
6
Suppose -3*q = -7*q - 24. Let y = q + 9.